(x). Give s(-6).
13
Let c(n) = -2*n**2 - 2*n + 3. Let x = 25 - 21. What is c(x)?
-37
Let x be 2/4 - (-15)/10. Let y(h) = h + 2 - h**2 - h**3 + 2*h**3 - h**x + h**3. Give y(2).
12
Let p(a) = 7*a**2 - 1. Let f be (-6 - -5)*-1*3. Suppose 12 = -0*w + w + 2*c, -5*w + f*c + 60 = 0. Let h be (-11 + w)*(-2)/2. Give p(h).
6
Let m(v) = v - 1. Let b(h) be the second derivative of -7*h**3/6 + 17*h**2 + 24*h. Let p be b(6). What is m(p)?
-9
Let m(j) be the second derivative of 5*j**3/3 - 45*j**2/2 - 579*j. Give m(4).
-5
Suppose 0 = -40*p + 35*p - 10. Let r be p + (-10)/8*(4 + -8). Let h(o) = 2*o**3 + 0*o**3 - 3*o**2 - 2*o - o**3. What is h(r)?
-6
Let b(d) = d**3 - 15*d**2 - 17*d + 12. Let a be (-1)/((-47)/(-16) - (-13 - -16)). Calculate b(a).
-4
Let m = -14 + 17. Let v(q) = 5*q + 1 - 24*q + m*q + 7*q. Determine v(-1).
10
Let d(v) be the third derivative of -v**4/24 + 2*v**3/3 + 2*v**2. Let x(j) = -j**3 + j**2 + 12*j + 6. Let n be x(4). Calculate d(n).
-2
Let x(f) be the second derivative of f**3/6 + 2*f**2 + 64*f. Let r be 0 + -1*(6 + 1). Let v = r - -1. Give x(v).
-2
Let a = -706 - -710. Let z(v) = -2*v**2 + 4*v + 5. Calculate z(a).
-11
Let x(d) = d**3 - 11*d**2 + 30*d + 3. Let p(t) = 2*t**3 - 23*t**2 + 58*t + 4. Let o(v) = -6*p(v) + 11*x(v). Determine o(16).
-23
Let p(d) be the third derivative of d**4/8 + d**3 - 16*d**2. Let h be p(-4). Let q(t) = t**2 + 5*t - 8. Give q(h).
-2
Let z(r) = -4*r. Suppose -80 = -5*t - 10. Suppose -5*n + 39 = t. Suppose -4*b + 5 = -7, 4*p + 3*b = n. Give z(p).
4
Let f(m) = 3*m + 5 + 9 - 5 - 4*m. What is f(4)?
5
Let v(j) = 0 - 3 + 0 + 4*j**2 - 3*j - 3*j**2. Give v(6).
15
Let p(v) be the second derivative of -10*v + 0 + 3*v**2 - 7/6*v**3 + 1/6*v**4. Calculate p(4).
10
Let s(a) = a**2 - 3 - 5 - 2*a - 3*a + 3. Suppose 13 = -4*u - 7, -3*f + 3*u = -33. What is s(f)?
1
Let v(w) = w**3 + 4*w**2 + 5*w + 3. Let x(s) = s**2 + 23*s + 72. Let g be x(-19). What is v(g)?
-17
Let q(d) = 5*d - 9. Let h(o) = -o + 2. Let x(f) = 11*h(f) + 2*q(f). Suppose -3*t = 5*n + 157, n + n = t + 56. Let m be t/(-4)*8/12. Give x(m).
-5
Let d be 8*(2/(-4) + 1). Let a = 6 + -9. Let u(f) = 7*f - 4. Let y(z) = -13*z + 7. Let c(p) = a*y(p) - 5*u(p). Give c(d).
15
Let v(j) = j**3 + 5*j**2 - 10. Let b = 102 + -107. Calculate v(b).
-10
Let d = 7 + -2. Suppose z = -4*k + 7, -3*k - 5*z + 3 = -2*z. Let y(q) = 1 - 7 + k*q + 1 - 2. What is y(d)?
3
Suppose 0 = 285*l - 288*l + 12. Let g(b) = -b**2 + 7*b - 6. Calculate g(l).
6
Let u(x) = -4*x**2 - 33*x + 36. Let s be u(-9). Let k(w) = w**2 - 12. Determine k(s).
69
Let v = 40 + -36. Suppose -l - 11 = v*x, 0 = 5*x - 3*l + l + 30. Let h(s) = -s - 1. Give h(x).
3
Let c(k) = 2*k**3 - 5*k**2 - 5*k + 5. Suppose -51*o + 39*o = -48. Determine c(o).
33
Suppose -43 = 2*s - 41. Let q(l) = 5*l**3 + 2 - 2*l**2 - 232*l + 231*l - 2. What is q(s)?
-6
Let q(c) = -c**2 - 2*c - 1. Suppose -4*a - 105 - 55 = 0. Let z be 3*(a/(-12) + -4). What is q(z)?
-1
Let f(m) = -m**2 - 9*m + 15. Let k(y) = -3*y**2 - 17*y + 32. Let g(s) = -5*f(s) + 2*k(s). Determine g(9).
7
Let o(q) = q**3 - 12*q**2 + 10*q + 1. Let w = -177 + 64. Let z = -102 - w. What is o(z)?
-10
Let g = -263 + 262. Let y(u) be the third derivative of u**6/30 - u**5/60 - u**4/24 - u**3/6 - 5*u**2. Give y(g).
-5
Suppose -49 = 5*t + 4*r - 145, 0 = -2*t - r + 39. Suppose m + t = 5*m. Let o(q) = -11*q - 2. Let h(n) = -5*n - 1. Let g(a) = 13*h(a) - 6*o(a). Determine g(m).
4
Let g(v) = -18*v - 1. Suppose 0 = -25*p + 18 + 32. What is g(p)?
-37
Let w(m) = -m**3 - 5*m**2 - 9*m - 2. Let h be (0 - 9)*103/309. What is w(h)?
7
Let v be -5 + 8 + 0/1 - -15. Let q(n) = -12*n + 45*n + 2 - v*n - 14*n. Calculate q(2).
4
Let q(g) = 2*g - 17. Let j = -878 - -888. What is q(j)?
3
Let w(i) = -i**3 + 8*i**2 - 11*i + 23. Suppose 9*j - 117 = -54. Give w(j).
-5
Let x(i) = 242*i**2 + 25*i + 245*i**2 + 248*i**2 - 737*i**2 + 18. Determine x(14).
-24
Let g = -6 - -3. Let o be (g/2)/(24/(-32)). Let l(n) = -3 - 5*n**2 - 2*n**3 + n**3 - n - n**o - n. Calculate l(-6).
9
Let b(f) = 4 - 4 - 2 - f + 3. Let s(r) = 2*r - 3*r + 8 - r. Let i(t) = 4*b(t) - s(t). What is i(-5)?
6
Let k(u) = -u**2 - 5*u - 4. Suppose 3*s + 4*v + 29 = 0, 4*s + 5*v + 46 - 9 = 0. What is k(s)?
2
Let l(q) be the first derivative of -q**2 + 1. Let o be ((-20)/(-35))/((-2)/(-7)). Let p be 20/o*(-7)/(-14). What is l(p)?
-10
Let q(r) = -r**3 - 6*r**2 + r + 1. Let x = -29 + 21. Let b = x + 10. Suppose b*z + 0 + 32 = 5*n, -n - 14 = 3*z. Calculate q(z).
-5
Let r(t) = -t - 1. Let o(j) = 4*j + 6. Suppose -7 = 2*h - 5*w, -3*w = 2*w - 5. Let k(q) = h*o(q) - 3*r(q). Let y be (-9)/(-3) - (-1 + 4). Give k(y).
-3
Let a(t) = 3*t - 10. Let f be 4/6 + 817/129. Give a(f).
11
Let m(f) = f - 1. Let x(s) = 3*s + 15. Let t(w) = 5*m(w) - x(w). What is t(11)?
2
Let v(c) = -2*c + c - 3*c + 5*c - 11 + 3. Calculate v(10).
2
Let l(q) = 2*q**2 - 5*q. Let y(n) = 5*n**2 - 15*n - 1. Let i(m) = -m**2 - 15*m - 18. Let v be i(-13). Let z(o) = v*l(o) - 3*y(o). Calculate z(-6).
9
Suppose -5*b = 342 - 42. Let i = b + 68. Let w(d) = -d**2 + 7*d - 1. What is w(i)?
-9
Let z be (-4 + 4)/((-2)/1). Let v(j) = 4*j**3 - 2*j - 3*j**2 - 3*j**3 + z*j**2 + 4*j**2. Let o be (-2 - -1)/(-3*5/30). Calculate v(o).
8
Let k(d) = -38 + 74 - 2*d - 33. Calculate k(5).
-7
Let t(m) = -10*m**2 - 4*m + 3. Suppose -2*u + 16 = 3*f, -4*f - 4 = -5*f. Determine t(u).
-45
Let d(q) = 2*q**2 + 2*q - 2. Let b be 172/(-430)*10*1. Calculate d(b).
22
Let g be (24/4 - 6) + 2. Suppose 0 = -u - 4*u + g*c - 11, u - 5 = 4*c. Let f(t) = t**3 + 2*t - 3 + 5*t**2 - 2 + 2. Determine f(u).
9
Let v(i) = -i**3 - 6*i**2 + 11*i + 9. Let t = 18 - 26. Determine v(t).
49
Let p(y) = -2*y**2 + 4*y - 4. Suppose 12 = -3*i - i, 0 = 4*u + 3*i + 57. Let q be (-2)/u - (-70)/12. Suppose -b + q = 3. Give p(b).
-10
Let z(h) = h**2 + 12*h + 14. Suppose -2*q - 3 = 19. Let u be z(q). Let a(s) = 4 + 0*s + s + u + 0. Determine a(-6).
1
Let v be ((-2)/(-12))/((-5 - -18)/78). Let g(i) = -i - 8*i + 0*i - 1 - i. Determine g(v).
-11
Let m(o) = 7*o - 5. Let s(j) = -7*j + 4. Let w(k) = 3*m(k) + 4*s(k). Let i = -15 - -15. Suppose i*l - 10 = l + 3*a, -5*a = 2*l + 16. Determine w(l).
-13
Let i(c) = 13*c**2 - 13*c - 29. Let b(s) = -3*s**2 + 3*s + 7. Let u = -6 - -15. Let l(w) = u*b(w) + 2*i(w). Calculate l(4).
-7
Let k(s) = 3*s + 2. Suppose 0 = 3*y - 5*y - 5*i - 9, -5*y - 15 = 5*i. What is k(y)?
-4
Let t(u) = u**2 - 4*u. Let z be 39/(-26) - (-7)/2. Calculate t(z).
-4
Let z(p) = p**3 + 3*p**2 - 7*p - 11. Let g = 4 + -9. Determine z(g).
-26
Let n(i) = i**2 + 10*i + 8. Suppose 0 = 6*c + 1 - 1. Suppose o + 1 + 6 = c. Determine n(o).
-13
Suppose 3*v - 2080 = 19*v. Let k = v - -124. Let o(d) = 2*d + 3 - d - 1. Determine o(k).
-4
Let q(f) = f**3 - f**2 - f - 1. Let u = -6 + 8. Let b(k) = -3*k**3 - 2*k**2 - 3. Let g(n) = u*q(n) - b(n). Calculate g(1).
4
Suppose 9*m - 10 = 4*m. Let d be 2 - m/(-6) - (-5)/(-15). Let u(c) = c**2 + 2*c - 2. Calculate u(d).
6
Let x(a) be the third derivative of -3*a**4/8 + 37*a**3/6 + 2*a**2 + 44*a. Calculate x(4).
1
Suppose -2*l + 8 = 4*x, 0 = 4*l + x - 0*x - 23. Suppose 3*o = 3*u + l + 9, -4*o + 17 = -3*u. Let h(n) = -2*n. Give h(o).
-4
Let o(n) = -5*n - 13. Let l be 27/(-6)*13*16/312. Give o(l).
2
Suppose -3*s + 15 = 3*v, 0*s = -5*v - 3*s + 15. Let b(q) = -q**2 + 11. Give b(v).
11
Let i = 582 + -578. Let h(b) be the third derivative of b**6/120 - b**5/10 + b**4/24 + b**3/6 - b**2. What is h(i)?
-27
Let p = -233 - -121. Let a be (-4)/(-14) - 752/p. Let s be 2*(-4 - a/(-2)). Let r(w) = -11*w - 1. What is r(s)?
10
Let g = -140 + 140. Suppose -5*t = -g*t - 0*t. Let d(h) = h**3 + 9. Determine d(t).
9
Let l(d) = 2*d**2 + 9*d + 8. Let b be l(-6). Let j = -14 + b. Let o(i) = -i + 16. Let n be o(j). Let c(q) = q**3 - 2*q**2 - 7*q + 6. Determine c(n).
10
Let i be ((-25)/15)/(1/(-3)). Let s be (-1)/i - 120/25. Let v(q) = -q - 14. Let c(m) = -2*m - 27. Let r(z) = -6*c(z) + 11*v(z). What is r(s)?
3
Let v = 21 - 27. Let h be (v + 6)/(0 - 2). Suppose -16 = -4*x - h. Let n(o) = -o**2 + 4*o - 6. Determine n(x).
-6
Let d = 703 - 697. Let t(w) = 7*w - 36. Determine t(d).
6
Let m(c) be the third derivative of c**5/60 + c**4/6 - c**3/2 - 2*c**2 + 7. Give m(-5).
2
Let t(f) be the third derivative of f**9/15120 - f**6/720 - 3*f**5/20 + 10*f**2. Let w(q) be the third de